highest common factor of n and 11?
11
Let k(j) = -56*j + 15*j + 1 + 4. Let r be k(-6). Suppose 6*n - n + 3*x - r = 0, 0 = 2*n - x - 107. What is the highest common factor of 13 and n?
13
Let l = 67 - 39. Suppose 4*r = 4*k + 65 + 115, 4*r - 174 = 2*k. Calculate the greatest common divisor of r and l.
14
Suppose y + 4*u = 4 + 2, 2*y - u - 21 = 0. What is the highest common divisor of 50 and y?
10
Let j(v) = -16*v - 12. Suppose -5*h - 43 = 2. Let a be j(h). What is the highest common divisor of 12 and a?
12
Let g(f) = f**3 - f**2 + 2*f - 3. Let m be g(2). Suppose -3*n = -0*n + 3*a - 18, -2*a - 44 = -m*n. What is the greatest common divisor of n and 8?
8
Suppose t - 2*p - 12 = 0, -3*t + p = -6*t + 22. Let d(c) = c**2 + 2*c - 4. Let j be d(-6). Calculate the greatest common factor of t and j.
4
Let q be (-3)/12 - (-821)/4. Suppose 2*w - 3*o - q = -0*w, 0 = -4*w + 4*o + 404. Calculate the greatest common factor of w and 14.
14
Let h(r) = 6*r + 30. Let n be h(-3). What is the highest common factor of n and 4?
4
Suppose -5*v = -12 - 33. Calculate the greatest common divisor of 18 and v.
9
Let g(u) = 6 + 3*u**3 - 4*u**3 - 4 + u**2. Let w be g(0). Let j be 3/w + (-434)/(-4). What is the highest common factor of j and 10?
10
Let s be (-6)/(-21) - 1074/(-14). Let r = 12 + -1. Calculate the highest common factor of r and s.
11
Suppose 0 = -5*v - 41 - 59. Let g be (7/14)/((-2)/v). What is the greatest common divisor of g and 40?
5
Suppose -3*c + 99 = 21. What is the greatest common factor of 208 and c?
26
Let n(m) = 161*m**2 - m - 4. Let l be n(3). Suppose -4*b + l - 606 = 0. Calculate the greatest common factor of 19 and b.
19
Let i be (-2 + 2)/(1 + 0). Suppose 2*d + 2*a - 3*a - 28 = i, d + 2*a = 4. Suppose -d = -2*b + 18. What is the highest common divisor of b and 75?
15
Suppose -4*r + 55 = -9*r. Let s = 6 - r. Let v be 135 - (1 - (1 - -1)). Calculate the greatest common divisor of v and s.
17
Suppose 4*p + 2*n - 368 = -8, -268 = -3*p - n. Calculate the highest common divisor of 11 and p.
11
Let v(j) = -4*j + 51. Let h be v(12). What is the highest common divisor of h and 3?
3
Let k = -10 + 16. Let s be 6 + 34 - (-2 - 0). What is the highest common divisor of k and s?
6
Let c(i) = i + 7. Let g be c(-5). Suppose -g*x = -53 + 17. Suppose l + 0*f + 3*f - x = 0, -70 = -5*l - 5*f. What is the highest common divisor of 84 and l?
12
Let p(k) be the second derivative of 0 - 1/2*k**2 - k - 1/6*k**3. Let y be p(-3). Calculate the greatest common factor of 10 and y.
2
Let v = -137 + 227. What is the highest common divisor of 18 and v?
18
Let r = -12 - 0. Let t be -2*2*27/(-4). Let c = r + t. Calculate the highest common divisor of c and 3.
3
Let w = -62 - -87. What is the greatest common factor of w and 200?
25
Suppose -1 = 2*n - 37. Let l = -58 - -64. What is the highest common divisor of l and n?
6
Let j(b) = -2*b - 5. Let p be j(-10). Suppose p = c - 106. What is the highest common factor of 11 and c?
11
Let a = 25 - -11. Suppose 2*t = -2*x + 24, -x = -5*x - t + 48. What is the greatest common factor of x and a?
12
Suppose -6*a + 5*s + 53 = -2*a, 0 = 3*a + s - 16. What is the greatest common divisor of a and 56?
7
Let o(h) = h**2 + 3*h - 5. Let w be o(-5). Suppose -3*c + w*d + 134 = 0, 3*d = -c + 3*c - 90. What is the greatest common divisor of 8 and c?
8
Let c(g) = -5*g**3 - 4*g + 1. Let p be c(-2). Calculate the highest common factor of 392 and p.
49
Suppose d - 65 = -4*d. Let t = 21 - d. Suppose 0*v - v + 8 = 0. Calculate the highest common factor of t and v.
8
Suppose 2*t = 4*d + 48, t + 120 = 6*t + d. Let v = 6 - -54. What is the greatest common factor of v and t?
12
Suppose 69 = -k - 2*k. Let z = -11 - k. What is the highest common factor of z and 18?
6
Suppose t - 94 = -0*t + 3*m, 3*t = 2*m + 317. Let u = t - 53. What is the greatest common factor of u and 14?
14
Let k(j) = 7*j - 11. Let f be k(5). What is the greatest common divisor of f and 24?
24
Let g(d) = d**3 - 23*d**2 + 20*d + 49. Let u be g(22). Let y be 20/(-6)*(-4 - 2). Calculate the highest common factor of u and y.
5
Let f(n) = 2*n**2 - n + 2. Let l be -3*(1 + -4 + 2). Let q be f(l). Let k be 119/(-2)*(1 - 3). What is the highest common factor of k and q?
17
Let h(l) = -l**2 - 12*l + 13. Let q be h(-12). What is the highest common factor of 143 and q?
13
Let d = 274 + -164. Suppose 3*v = 5*v - d. What is the highest common factor of v and 5?
5
Suppose o = 2*o - 44. What is the highest common divisor of 4 and o?
4
Suppose -4*n + 286 = w, -11 = n + w - 81. Calculate the greatest common factor of 96 and n.
24
Let k be 279/45 + 2/(-10). What is the greatest common factor of k and 54?
6
Let k(r) = -r**2 - 8*r + 6. Let w be k(-8). Suppose -2*q = -0 - 8. What is the greatest common factor of q and w?
2
Let x(y) = y**2 - 7*y - 6. Let r be x(7). Let l be -1*(-4)/r*-3. Suppose 6*w - 16 = 2*w. What is the greatest common factor of l and w?
2
Suppose 0*f + 312 = 6*f. What is the greatest common factor of f and 13?
13
Let w = 4 - -35. Calculate the greatest common divisor of 39 and w.
39
Let a be (-24)/30*(-10)/4. Suppose -a*v + 12 = -0*v. What is the highest common divisor of v and 4?
2
Let g be 2 - (1 + 0)*-3. Suppose -2*x = -g*d - 26 - 42, 5*x = -3*d + 108. What is the highest common factor of x and 12?
12
Suppose 5*o - 14 = 6. Suppose -7*z = a - 2*z + 9, a = o*z + 36. Calculate the greatest common factor of a and 112.
16
Suppose -5*y + 5*f + 95 = 0, 5 - 1 = 4*f. Calculate the highest common factor of 8 and y.
4
Let b(l) = -3*l - 16. Let y be b(-11). Calculate the greatest common factor of y and 17.
17
Let c be 4 + -2 + -1 + -1. Suppose 3*m + m - 168 = c. Let b be 4*(-2 - m/(-8)). Calculate the greatest common divisor of 91 and b.
13
Suppose -4*k - 3 = -63. Let r be k - (-3 - -2 - 0). What is the greatest common divisor of 48 and r?
16
Let g = 72 + -61. Calculate the highest common factor of g and 2.
1
Let c = 0 + 13. Suppose 0 = -u + 16*u - 390. Calculate the highest common divisor of u and c.
13
Let p(a) = 4*a + 1. Let o(x) = x - 1. Let d(l) = -5*o(l) + p(l). Let h be d(5). Calculate the highest common factor of h and 9.
1
Let p = 21 - -164. Let z = p + -5. Let h(x) = x**2 - x. Let s be h(-4). Calculate the highest common divisor of s and z.
20
Suppose z + 6 = 8. What is the highest common factor of z and 14?
2
Suppose 0 = 2*i + 5*i - 7. Let w(y) = y**3 + 3*y**2 + 1. Let l be w(-2). Calculate the highest common divisor of i and l.
1
Suppose 0*w - 240 = -6*w. What is the greatest common divisor of w and 16?
8
Let k be 7 + (0 - (3 - 0)). Calculate the highest common divisor of k and 10.
2
Suppose 5*x + 15 - 45 = 0. Let w be ((-8)/x)/((-2)/90). Suppose -5*f + 21 = 4*v - 47, 2*f = -3*v + 30. Calculate the highest common factor of w and f.
12
Suppose 0*z - z + 29 = 0. What is the highest common divisor of 261 and z?
29
Let g be 2/5 + 712/20. Let p = g + -24. What is the highest common divisor of p and 12?
12
Let d = 42 - 23. Let v(p) = -d*p**3 + p**2 + p**2 - 2*p**2. Let k be v(-1). Calculate the highest common divisor of 19 and k.
19
Let u = 2 + 0. Let c be -20 - (u + 1*-2). Let q be ((-25)/c)/(2/16). What is the highest common divisor of q and 30?
10
Let i(n) = n**3 + 11*n**2 - 43*n - 5. Let c be i(-14). What is the greatest common factor of 171 and c?
9
Let m = 63 + -48. What is the greatest common factor of m and 6?
3
Let v(w) = 2*w**2 - 4*w + 1. Let j be v(5). Suppose -j = 5*x - 136. Calculate the highest common factor of x and 3.
3
Suppose -357 = -2*i + 127. What is the greatest common factor of 22 and i?
22
Let f be (0/(-2) - 6)*1. Let k(m) = m**3 + 6*m**2 + 2. Let a be k(f). Let g be (11 - 9)/(a/13). Calculate the highest common factor of 143 and g.
13
Let g(r) = 11*r + 2. Let a be g(2). Suppose 5*t - 15 = 3*h - 44, t = 3*h - 13. Suppose -a = -h*u + 6. What is the greatest common divisor of 80 and u?
10
Let r(o) = -o - 7*o**2 - o**3 + 11 + 2*o - 3*o + 0*o. Let a be r(-8). Calculate the greatest common factor of 13 and a.
13
Suppose -t = 4*t - 390. What is the highest common divisor of 13 and t?
13
Let q(z) = -z - 2. Let r = 8 - 16. Let c be q(r). Calculate the greatest common divisor of 3 and c.
3
Suppose -2*k - 162 = -602. What is the highest common factor of 22 and k?
22
Suppose 0 = 5*o + k 